tors of 1225627.
13, 29, 3251
List the prime factors of 70560958.
2, 13, 2713883
What are the prime factors of 146243199?
3, 457, 106669
List the prime factors of 35841831.
3, 17, 41, 61, 281
What are the prime factors of 8983283?
8983283
List the prime factors of 71314946.
2, 35657473
List the prime factors of 59434794.
2, 3, 3301933
List the prime factors of 2057673549.
3, 607, 1063
What are the prime factors of 15694185?
3, 5, 13, 41, 151
What are the prime factors of 1134338336?
2, 35448073
What are the prime factors of 53688257?
7, 7669751
List the prime factors of 403323017.
403323017
List the prime factors of 3154759059.
3, 89, 227, 52051
What are the prime factors of 77773165?
5, 1997, 7789
List the prime factors of 9599870.
2, 5, 7, 29, 4729
List the prime factors of 4418398124.
2, 7, 17, 29, 320081
List the prime factors of 150695171.
11, 13699561
List the prime factors of 1045141392.
2, 3, 317, 68687
List the prime factors of 187670822.
2, 93835411
What are the prime factors of 287787485?
5, 1789, 32173
What are the prime factors of 341880078?
2, 3, 3371, 16903
List the prime factors of 634848233.
634848233
What are the prime factors of 52591234?
2, 17, 1087, 1423
What are the prime factors of 16471523?
937, 17579
What are the prime factors of 108428801?
13, 19, 438983
What are the prime factors of 137263323?
3, 59, 631, 1229
What are the prime factors of 151357380?
2, 3, 5, 29, 37, 2351
What are the prime factors of 726899827?
1913, 379979
List the prime factors of 23229830.
2, 5, 13, 178691
List the prime factors of 51798282.
2, 3, 8633047
What are the prime factors of 74517828?
2, 3, 7, 11, 41, 281
What are the prime factors of 2768963915?
5, 553792783
What are the prime factors of 815320628?
2, 19, 173, 62011
What are the prime factors of 2260543878?
2, 3, 6709, 18719
What are the prime factors of 1418226959?
167, 8492377
What are the prime factors of 98533391?
11, 757, 11833
What are the prime factors of 1022865458?
2, 41, 12473969
What are the prime factors of 10975892?
2, 137, 20029
What are the prime factors of 125604843?
3, 7, 13, 460091
What are the prime factors of 222650333?
491, 547, 829
List the prime factors of 315724083.
3, 19, 5539019
What are the prime factors of 15499254?
2, 3, 83, 31123
What are the prime factors of 85607572?
2, 1553, 13781
List the prime factors of 41978030.
2, 5, 19, 31, 7127
What are the prime factors of 262887372?
2, 3, 11, 663857
List the prime factors of 219643991.
7, 1321, 23753
What are the prime factors of 1588760317?
47, 33803411
What are the prime factors of 701870362?
2, 193, 1818317
List the prime factors of 6249261263.
7, 31, 28798439
List the prime factors of 73310998.
2, 67, 547097
List the prime factors of 299949317.
41, 97, 199, 379
What are the prime factors of 1689917182?
2, 844958591
List the prime factors of 406253828.
2, 17, 157, 38053
List the prime factors of 1650012182.
2, 7, 13, 367, 3529
What are the prime factors of 3476517811?
13, 267424447
What are the prime factors of 4813649468?
2, 19, 1559, 40627
What are the prime factors of 1911790809?
3, 29, 733, 3331
List the prime factors of 58739868.
2, 3, 11, 19, 37, 211
What are the prime factors of 106698914?
2, 7, 547, 13933
What are the prime factors of 22179620?
2, 5, 569, 1949
What are the prime factors of 59511133?
11, 37, 73, 2003
What are the prime factors of 2052188502?
2, 3, 7, 13, 43, 12487
What are the prime factors of 90374855?
5, 61, 199, 1489
List the prime factors of 1560784603.
7, 17, 73, 25667
List the prime factors of 45208940.
2, 5, 7, 322921
List the prime factors of 3013202840.
2, 5, 75330071
List the prime factors of 15411805.
5, 31, 99431
List the prime factors of 254461279.
254461279
What are the prime factors of 37089960?
2, 3, 5, 309083
What are the prime factors of 71265254?
2, 47, 758141
List the prime factors of 7651331005.
5, 1530266201
What are the prime factors of 781738706?
2, 7, 55838479
List the prime factors of 31842553.
103, 173, 1787
List the prime factors of 2069906249.
2069906249
List the prime factors of 110961025.
5, 7, 653, 971
List the prime factors of 2886892.
2, 29, 41, 607
List the prime factors of 2177377141.
2177377141
What are the prime factors of 46674134?
2, 13, 1319, 1361
List the prime factors of 29406845.
5, 13, 2677
What are the prime factors of 104207516?
2, 7, 151, 503
What are the prime factors of 1284055680?
2, 3, 5, 43, 103, 151
What are the prime factors of 272483960?
2, 5, 7, 373, 2609
What are the prime factors of 419158546?
2, 421, 497813
What are the prime factors of 575577685?
5, 89, 1293433
List the prime factors of 1285513560.
2, 3, 5, 179, 19949
What are the prime factors of 5955993607?
14369, 414503
What are the prime factors of 3262148601?
3, 101, 587, 18341
What are the prime factors of 80320014?
2, 3, 4462223
List the prime factors of 1322476063.
6199, 213337
What are the prime factors of 26945821?
7, 43, 89521
What are the prime factors of 185016791?
185016791
What are the prime factors of 135943993?
19, 53, 134999
List the prime factors of 104189793.
3, 23, 1509997
What are the prime factors of 5994555042?
2, 3, 7, 20389643
What are the prime factors of 9802142?
2, 7, 59, 11867
What are the prime factors of 685191932?
2, 29, 739, 7993
List the prime factors of 2756085170.
2, 5, 23, 47, 137, 1861
List the prime factors of 476521673.
47, 1579, 6421
What are the prime factors of 28385864?
2, 13, 23, 11867
List the prime factors of 14408861.
293, 49177
List the prime factors of 49121702.
2, 7, 3508693
What are the prime factors of 420163334?
2, 210081667
What are the prime factors of 574523552?
2, 101, 177761
List the prime factors of 104357775.
3, 5, 43, 32359
What are the prime factors of 4501000279?
4501000279
What are the prime factors of 328315699?
29, 31, 365201
List the prime factors of 4026987984.
2, 3, 19, 89, 49613
List the prime factors of 4658787183.
3, 1552929061
List the prime factors of 16029985.
5, 3205997
What are the prime factors of 44935647?
3, 31, 483179
List the prime factors of 2591167504.
2, 161947969
What are the prime factors of 30324575?
5, 29, 151, 277
List the prime factors of 53267155.
5, 167, 63793
What are the prime factors of 26576371?
397, 66943
What are the prime factors of 54596312?
2, 37, 184447
What are the prime factors of 1415357841?
3, 911, 517877
List the prime factors of 362821580.
2, 5, 11, 281, 5869
What are the prime factors of 11778777?
3, 145417
List the prime factors of 2973628061.
61, 48748001
List the prime factors of 839139117.
3, 1907, 146677
List the prime factors of 1100214958.
2, 550107479
What are the prime factors of 7431560?
2, 5, 185789
List the prime factors of 4090115750.
2, 5, 7, 19, 17573
What are the prime factors of 1445717442?
2, 3, 13, 4153, 4463
List the prime factors of 3892632490.
2, 5, 31, 12556879
List the prime factors of 154784436.
2, 3, 12898703
What are the prime factors of 1184428277?
61, 79, 245783
List the prime factors of 1680579349.
331, 5077279
List the prime factors of 75498736.
2, 4718671
List the prime factors of 346626502.
2, 29, 5976319
What are the prime factors of 7859140?
2, 5, 392957
List the prime factors of 369564976.
2, 11, 190891
List the prime factors of 1230129074.
2, 113, 727, 7487
What are the prime factors of 431075460?
2, 3, 5, 17, 31, 13633
What are the prime factors of 1533061168?
2, 95816323
List the prime factors of 154586273.
154586273
List the prime factors of 46284176.
2, 163, 17747
List the prime factors of 429446210.
2, 5, 29, 197, 7517
List the prime factors of 467309454.
2, 3, 127, 613267
List the prime factors of 515659894.
2, 1439, 179173
What are the prime factors of 326594795?
5, 59, 1107101
List the prime factors of 1363723838.
2, 71, 227, 42307
What are the prime factors of 384253780?
2, 5, 19212689
What are the prime factors of 275085027?
3, 7, 71, 89, 691
What are the prime factors of 534578165?
5, 11, 9719603
What are the prime factors of 355786983?
3, 2377, 16631
What are the prime factors of 2329019123?
23, 101261701
What are the prime factors of 204844522?
2, 307, 333623
What are the prime factors of 12747626?
2, 6373813
What are the prime factors of 32385806?
2, 389, 41627
What are the prime factors of 339234411?
3, 2593,